50?
True
Is 20 a factor of 15119221?
False
Is 534016 a multiple of 512?
True
Is 13 a factor of 2267812?
False
Is 103 a factor of 349994?
True
Is 39 a factor of 562731?
True
Is 126 a factor of 24069?
False
Is 200 a factor of 99016?
False
Is 939146 a multiple of 26?
True
Is 277 a factor of 6916967?
True
Does 4 divide 7136843?
False
Is 19 a factor of 1494080?
False
Is 434180 a multiple of 340?
True
Does 6 divide 215732?
False
Is 58 a factor of 6326814?
True
Does 15 divide 7410538?
False
Does 13 divide 7256906?
False
Does 130 divide 294320?
True
Does 66 divide 2243670?
True
Is 10 a factor of 302850?
True
Is 3 a factor of 31299?
True
Does 248 divide 1890256?
True
Is 4368576 a multiple of 1492?
True
Is 34571 a multiple of 191?
True
Does 1363 divide 5768216?
True
Is 1139534 a multiple of 100?
False
Does 175 divide 96600?
True
Does 1628 divide 20652473?
False
Is 380 a factor of 261820?
True
Is 19 a factor of 1194362?
False
Is 29 a factor of 807881?
False
Is 3 a factor of 339607?
False
Does 529 divide 371887?
True
Is 63 a factor of 1819248?
False
Does 19 divide 743296?
False
Does 419 divide 439112?
True
Does 76 divide 123531?
False
Does 12 divide 13043550?
False
Does 13 divide 3651115?
True
Is 5255 a multiple of 2?
False
Is 37206 a multiple of 11?
False
Is 24 a factor of 362700?
False
Does 35 divide 20269?
False
Does 5 divide 774967?
False
Is 140181 a multiple of 7?
False
Is 35 a factor of 225477?
False
Does 60 divide 71251?
False
Is 233 a factor of 4850594?
True
Is 28 a factor of 1553944?
True
Is 96 a factor of 342969?
False
Is 12479192 a multiple of 152?
False
Is 9 a factor of 55597?
False
Is 2441220 a multiple of 15?
True
Is 347 a factor of 92649?
True
Does 154 divide 183876?
True
Is 630812 a multiple of 14?
True
Is 114 a factor of 868026?
False
Is 2142 a factor of 20860915?
False
Is 33 a factor of 418935?
True
Does 126 divide 19026?
True
Is 1146740 a multiple of 70?
True
Is 8 a factor of 11369985?
False
Does 14 divide 1156050?
True
Does 43 divide 277305?
False
Is 100 a factor of 449500?
True
Does 104 divide 46268?
False
Is 8130639 a multiple of 1027?
False
Does 4 divide 1814316?
True
Is 4 a factor of 1356?
True
Does 21 divide 500850?
True
Does 308 divide 346500?
True
Is 2573134 a multiple of 555?
False
Is 58 a factor of 2359382?
True
Does 18 divide 113630?
False
Does 1337 divide 26690312?
False
Is 391416 a multiple of 376?
True
Is 8324 a multiple of 80?
False
Is 174914 a multiple of 10?
False
Does 34 divide 2611710?
True
Does 17 divide 5610?
True
Does 27 divide 137673?
True
Is 24 a factor of 7691?
False
Is 334 a factor of 1586166?
True
Is 48 a factor of 6045360?
True
Does 604 divide 616080?
True
Is 1934040 a multiple of 1362?
True
Does 159 divide 649038?
True
Is 46 a factor of 620264?
True
Is 105053 a multiple of 13?
True
Does 10 divide 49848?
False
Does 14 divide 503272?
True
Does 46 divide 3924291?
False
Is 9434400 a multiple of 160?
True
Is 10 a factor of 1648539?
False
Is 17304462 a multiple of 1338?
False
Is 8915871 a multiple of 201?
False
Does 12 divide 212425?
False
Is 187 a factor of 359811?
False
Is 261351 a multiple of 34?
False
Is 239669 a multiple of 61?
True
Is 15 a factor of 1041593?
False
Is 108844 a multiple of 31?
False
Is 2839507 a multiple of 11?
True
Is 25648 a multiple of 28?
True
Is 41 a factor of 157074?
False
Does 102 divide 267444?
True
Is 1091790 a multiple of 14?
True
Does 19 divide 246006?
False
Does 11 divide 4160346?
False
Is 487 a factor of 6029638?
False
Is 14 a factor of 2125326?
True
Does 8 divide 979690?
False
Is 108894 a multiple of 74?
False
Is 589927 a multiple of 299?
True
Does 71 divide 4393724?
False
Does 22 divide 311894?
True
Does 10 divide 178466?
False
Is 437180 a multiple of 49?
False
Is 25 a factor of 1632947?
False
Is 375060 a multiple of 60?
True
Is 15 a factor of 202166?
False
Is 64341 a multiple of 9?
True
Is 564247 a multiple of 180?
False
Does 113 divide 89270?
True
Does 118 divide 134402?
True
Does 58 divide 594883?
False
Is 104 a factor of 105560?
True
Is 1301944 a multiple of 7?
True
Is 14 a factor of 154769?
False
Is 39 a factor of 6525714?
True
Is 3238960 a multiple of 74?
False
Is 16 a factor of 169696?
True
Does 1115 divide 2367700?
False
Is 96 a factor of 298368?
True
Does 72 divide 392616?
True
Is 4068924 a multiple of 211?
True
Is 876152 a multiple of 2?
True
Is 106 a factor of 188451?
False
Does 4 divide 927453?
False
Is 13 a factor of 95693?
True
Is 342 a factor of 2031125?
False
Does 8 divide 1023520?
True
Is 918111 a multiple of 397?
False
Does 10 divide 54077?
False
Is 625 a factor of 1619375?
True
Does 14 divide 1798781?
False
Is 1942396 a multiple of 46?
True
Is 82 a factor of 351944?
True
Is 1946 a multiple of 14?
True
Is 387 a factor of 590949?
True
Is 6158082 a multiple of 156?
False
Is 89 a factor of 87566?
False
Does 9 divide 244719?
True
Is 385547 a multiple of 399?
False
Does 201 divide 1417229?
False
Is 866242 a multiple of 225?
False
Does 19 divide 5008381?
True
Is 122052 a multiple of 42?
True
Does 298 divide 1579087?
False
Is 665 a factor of 6984495?
True
Is 27773251 a multiple of 1495?
False
Is 19 a factor of 15561?
True
Does 27 divide 93659?
False
Does 33 divide 1189353?
True
Is 123 a factor of 137514?
True
Is 6 a factor of 726192?
True
Is 13 a factor of 10182312?
False
Is 529907 a multiple of 19?
False
Is 128 a factor of 103696?
False
Does 9 divide 2898?
True
Does 177 divide 398427?
True
Is 644574 a multiple of 7?
True
Is 8 a factor of 655942?
False
Does 17 divide 2370453?
False
Does 214 divide 109029?
False
Is 91576 a multiple of 8?
True
Is 170 a factor of 11971740?
True
Does 243 divide 204966?
False
Is 299199 a multiple of 272?
False
Is 21 a factor of 204150?
False
Is 121 a factor of 209330?
True
Is 216 a factor of 2520701?
False
Does 23 divide 176891?
False
Does 13 divide 21559915?
True
Does 680 divide 853624?
False
Is 13 a factor of 86067?
False
Is 121 a factor of 2606098?
True
Does 82 divide 23718?
False
Does 38 divide 8056?
True
Does 37 divide 163133?
True
Is 96214 a multiple of 41?
False
Does 91 divide 67158?
True
Is 108966 a multiple of 26?
True
Is 86672 a multiple of 52?
False
Does 55 divide 1508015?
False
Is 20 a factor of 12004?
False
Does 8 divide 341624?
True
Is 35 a factor of 2403525?
False
Is 10 a factor of 189937?
False
Is 311 a factor of 99411?
False
Is 228 a factor of 102949?
False
Does 11 divide 1250062?
True
Is 4157106 a multiple of 45?
False
Is 264 a factor of 1798178?
False
Is 9 a factor of 28829?
False
Does 16 divide 1378256?
True
Is 193200 a multiple of 70?
True
Is 2352063 a multiple of 120?
False
Does 1081 divide 1987782?
False
Does 8 divide 79935?
False
Does 519 divide 310168?
False
Does 1388 divide 794958?
False
Does 24 divide 780072?
True
Is 2624210 a multiple of 145?
True
Does 1197 divide 17564339?
False
Does 74 divide 11618?
True
Does 8 divide 9000?
True
Is 301496 a multiple of 3?
False
Does 661 divide 287414?
False
Does 198 divide 21089772?
True
Is 8 a factor of 3057411?
False
Is 44393 a multiple of 12?
False
Does 7 divide 64949?
False
Is 74221 a multiple of 7?
True
Is 48 a factor of 594971?
False
Is 3493631 a multiple of 21?
False
Is 77 a factor of 61985?
True
Is 921954 a multiple of 671?
True
Does 172 divide 696600?
True
Does 33 divide 240740?
False
Is 9 a factor of 194148?
True
Does 310 divide 514457?
False
Is 615 a factor of 710548?
False
Does 165 divide 799425?
True
Is 7253 a multiple of 77?
False
Does 149 divide 225562?
False
Is 2 a factor of 62218?
True
Is 37 a factor of 61855?
False
Does 89 divide 5108689?
True
Is 152 a factor of 74393?
False
Does 121 divide 52078?
False
Does 65 divide 787504?
False
Is 25 a factor of 196550?
True
Is 65 a factor of 29071175?
False
Is 5216178 a multiple of 7?
False
Is 381298 a multiple of 51?
False
Is 732328 a multiple of 2?
True
Is 135 a factor of 11355351?
False
Does 4 divide 2502249?
False
Does 19 divide 2176583?
True
Is 52 a factor of 1418612?
True
Is 279183 a multiple of 10?
False
Does 313 divide 2893059?
True
Is 1486595 a multiple of 55?
True
Does 582 divide 30992082?
True
Is 376278 a multiple of 31?
True
Is 27824385 a multiple of 116?
False
Does 438 divide 6026620?
False
Is 9 a factor of 97191?
True
Does 2 divide 726146?
True
Is 19 a factor of 14250962?
False
Is 366184 a multiple of 